 composite number?
True
Is 5189721685 a prime number?
False
Is 2497220105 prime?
False
Is 2669127421 composite?
False
Is 22191966871 composite?
False
Is 41738686999 composite?
False
Is 251820167449 a prime number?
True
Is 1347163366 a prime number?
False
Is 3299353259 a prime number?
False
Is 3258461081 prime?
False
Is 57530753815 a prime number?
False
Is 1719551363 a prime number?
True
Is 65386637 composite?
True
Is 10137461903 composite?
False
Is 24703528117 a composite number?
False
Is 2105387387 a prime number?
True
Is 12984655571 a prime number?
False
Is 89283767 a prime number?
True
Is 9496007 a composite number?
True
Is 90371385421 a prime number?
True
Is 8101302739 prime?
True
Is 45896656751 prime?
False
Is 771628307 composite?
True
Is 28959880321 prime?
True
Is 80618251199 prime?
True
Is 31589564459 prime?
True
Is 300256001 a prime number?
False
Is 2540747243 a prime number?
True
Is 11248286251 a composite number?
True
Is 14867890951 prime?
False
Is 3298692409 a prime number?
True
Is 1824132803 a composite number?
False
Is 3254655647 a composite number?
True
Is 7223078939 a composite number?
False
Is 718551907 composite?
False
Is 635186375513 composite?
False
Is 220090411 a composite number?
False
Is 937782779 composite?
False
Is 293693401 prime?
False
Is 161132651 a prime number?
True
Is 72828145699 a prime number?
False
Is 515116747 a prime number?
False
Is 12755641357 prime?
False
Is 1291524643 prime?
True
Is 309521017 prime?
False
Is 429897461 prime?
False
Is 225906148085 prime?
False
Is 390434299 composite?
False
Is 1101676721 a composite number?
True
Is 551405549 a prime number?
True
Is 64191410599 a composite number?
True
Is 185035818917 prime?
True
Is 2964600187 composite?
False
Is 6135777647 prime?
False
Is 602881919 a composite number?
False
Is 345191237 prime?
True
Is 28263574961 composite?
True
Is 723073157 a prime number?
False
Is 813213745 a composite number?
True
Is 1632093379 a composite number?
True
Is 6875810833 a composite number?
True
Is 875702257 prime?
True
Is 15748970035 a composite number?
True
Is 989338007 a composite number?
True
Is 553956073739 composite?
False
Is 73868051 a prime number?
True
Is 8002813639 a prime number?
False
Is 1911253117 a composite number?
False
Is 8720262753 a prime number?
False
Is 5598557189 a composite number?
True
Is 2856933509 prime?
True
Is 44981137 a prime number?
True
Is 2403869147 a composite number?
False
Is 86930815417 composite?
False
Is 5209618217 a composite number?
True
Is 5520294781 a prime number?
True
Is 120378941 a prime number?
False
Is 109386726301 a prime number?
False
Is 239385869 composite?
False
Is 113698891877 prime?
True
Is 41563643951 a prime number?
True
Is 21853180549 prime?
True
Is 695494223 prime?
True
Is 1416335681 a prime number?
True
Is 198333511 a prime number?
True
Is 1966877489 a composite number?
True
Is 2317292189 prime?
False
Is 24237312917 a composite number?
False
Is 4204908317 a prime number?
False
Is 11187255853 prime?
True
Is 1595386843 prime?
True
Is 5801915017 a prime number?
True
Is 1416591467 composite?
False
Is 4803715963 prime?
True
Is 236056571 prime?
True
Is 96061459553 a composite number?
False
Is 139742325139 a composite number?
False
Is 1562898979 a prime number?
False
Is 408231479 composite?
False
Is 60851517863 a prime number?
True
Is 279001439 a prime number?
False
Is 1023817651 prime?
True
Is 577081051 a composite number?
False
Is 621129359 a prime number?
False
Is 850417243 a composite number?
True
Is 3518404607 a composite number?
False
Is 60761553161 a prime number?
True
Is 429998657 prime?
False
Is 46035183433 a prime number?
False
Is 75702119 composite?
False
Is 107923721 a prime number?
True
Is 28406360201 a prime number?
True
Is 15300999793 composite?
True
Is 409669067 prime?
False
Is 138031093511 a composite number?
False
Is 7399473265 a prime number?
False
Is 713848033 composite?
True
Is 821837971 prime?
True
Is 571762733 a composite number?
True
Is 1187217653 a composite number?
False
Is 19535957171 a composite number?
True
Is 333627863 composite?
False
Is 47231603 composite?
True
Is 279727453 a composite number?
False
Is 52941667 a composite number?
False
Is 12202587973 prime?
True
Is 390522103 composite?
False
Is 187482397 prime?
False
Is 54294321385 composite?
True
Is 2061342238 a composite number?
True
Is 898414337 prime?
False
Is 53398832471 a composite number?
False
Is 78519750635 a prime number?
False
Is 92680253 composite?
False
Is 73510979 composite?
True
Is 590697183001 a composite number?
False
Is 8722561979 prime?
False
Is 4074259597 composite?
False
Is 1566451639 composite?
True
Is 1463357089 a prime number?
False
Is 147297497 prime?
False
Is 4486797113 a prime number?
False
Is 315734329 prime?
True
Is 1454704861 a composite number?
False
Is 71552241907 prime?
True
Is 33041061463 a composite number?
True
Is 3548556617 a composite number?
True
Is 57194343421 composite?
False
Is 131478493 prime?
False
Is 9819641987 a prime number?
False
Is 42216439 composite?
False
Is 217245751511 a prime number?
False
Is 76209251131 a prime number?
False
Is 101801883023 composite?
False
Is 4745693501 composite?
True
Is 397192643 prime?
True
Is 36979169 a prime number?
False
Is 7040579239 a prime number?
True
Is 461376613 a composite number?
False
Is 238069669 composite?
False
Is 1124820731 composite?
True
Is 1580326513 prime?
False
Is 19829687 composite?
True
Is 4313115707 a prime number?
False
Is 109745752027 prime?
False
Is 1074317303 a prime number?
False
Is 3722296891 composite?
True
Is 9658197697 a prime number?
False
Is 920377391 prime?
False
Is 7743603029 composite?
False
Is 534915169 prime?
True
Is 1335270919 a prime number?
True
Is 925679857 a composite number?
False
Is 331096651 composite?
True
Is 2275873489 a prime number?
True
Is 3517007267 a composite number?
False
Is 4312793057 a prime number?
True
Is 51595439213 a prime number?
False
Is 19324735181 composite?
False
Is 77375519293 composite?
True
Is 5371694819 a composite number?
False
Is 214800371 prime?
True
Is 8444390939 prime?
True
Is 3187753319 prime?
True
Is 2060376541 a composite number?
False
Is 285066259991 a prime number?
False
Is 675313679 prime?
False
Is 52514891459 composite?
True
Is 1612553765 composite?
True
Is 1106957573 a composite number?
False
Is 83007187 prime?
False
Is 128692683673 composite?
False
Is 40687602271 a composite number?
False
Is 28187911847 a prime number?
True
Is 11125723877 a composite number?
False
Is 264540799 composite?
False
Is 1184980991 prime?
False
Is 124063674583 a prime number?
True
Is 397990963 composite?
True
Is 979401931 a composite number?
False
Is 32406217 composite?
False
Is 43451687899 a composite number?
True
Is 18274996361 prime?
False
Is 338189521 composite?
True
Is 30584952247 prime?
False
Is 36644288777 a composite number?
False
Is 1749778421 composite?
False
Is 17133057779 a composite number?
False
Is 7662630011 a prime number?
True
Is 391591257 composite?
True
Is 30774620797 a composite number?
True
Is 15957702401 composite?
True
Is 218589061 a composite number?
False
Is 1360618453 composite?
True
Is 18350072309 prime?
True
Is 89488621693 a prime number?
True
Is 892340357 prime?
True
Is 58370093107 composite?
False
Is 11846477711 a prime number?
False
Is 72177517 composite?
True
Is 34580411 a prime number?
True
Is 792933439 composite?
True
Is 42941774126 a prime number?
False
Is 106128046837 a composite number?
True
Is 6916353929 a composite number?
False
Is 383361923 prime?
False
Is 3643428643 a composite number?
True
Is 1282967509 composite?
True
Is 33646731983 composite?
False
Is 11952289667 prime?
True
Is 4683821503 a composite number?
False
Is 15100979219 prime?
True
Is 54793841 composite?
True
Is 714773149 a composite number?
True
Is 123024505841 composite?
True
Is 2071131773 a prime number?
False
Is 3616561747 composite?
False
Is 45395787599 prime?
False
Is 3947503277 a composite number?
False
Is 678187603 a composite number?
False
Is 120749381777 a composite number?
False
Is 2712546833 prime?
True
Is 2867997463 a composite number?
False
Is 550587451 a prime number?
True
Is 1150042193 prime?
True
Is 395991703 a composite number?
True
Is 2220070081 prime?
True
Is 15121969249 composite?
F